0*p + 2*p**3 + 4*p - p**3 - 5*p**2 + 5. Let o be w(-7). Let s(t) = -3*t - 6. Give s(o).
-21
Let l(k) = 10*k + 70. Let w be l(-6). Suppose 0 = -5*q - w*q + 165. Let b(d) = d**3 - 12*d**2 + 11*d + 9. Determine b(q).
9
Let k(w) be the third derivative of 0*w - 8*w**2 + 2/15*w**5 + 1/120*w**6 + 12 - 2/3*w**3 + 5/24*w**4. Give k(-7).
10
Let b(a) = -9*a**3 - 4*a**3 - 5*a**2 - 1 + 14*a**3 + 0*a**2. Let x(c) = c**3 - 5*c**2 - c. Let u(f) = -4*b(f) + 3*x(f). What is u(4)?
8
Let m(x) = x**2 + 8*x + 6. Let b = -38 - -38. Suppose -5*k - t = -0*t - 20, b = t. Suppose -4*c - 2*r = 30, 0*r = -2*c + k*r - 10. Give m(c).
-1
Let q(c) = -c**3 - c**2 - c + 6. Suppose -8 = -2*o + 4*w, -4*o - 4*w - 1 = -17. Let b be -7*o/(-98) + (-452)/14. Let a = 32 + b. Determine q(a).
6
Let x(j) = 8*j - 88. Let p be x(11). Let w = 3 - -1. Let g(l) = -4*l + w + 2*l + l**2 + l. What is g(p)?
4
Suppose -5*t + 9*t + 3*l = 35, 4*t + 4*l = 36. Let o(c) = -t + 8*c + 1 + c + 0 - 3*c**2 + 2*c**2. Give o(9).
-7
Let d(l) = 5*l + 1. Let p(k) = 14*k + 3. Suppose -7*r - 3*x = -2*r + 275, -4*x = -r - 32. Let w = r + 48. Let h(n) = w*p(n) + 11*d(n). Calculate h(-3).
2
Let v(a) = -28. Let x(t) = t + 56. Let o(j) = -5*v(j) - 3*x(j). Let m(f) = -f**2 + f - 3. Let i be m(3). Let w be o(i). Let y(u) = 2*u - 1. Give y(w).
-3
Let j(t) = 1164*t - 2*t**2 - 16 + 0 + t**2 + 8 - 1173*t. Give j(-1).
0
Let n(r) = 2 + 1884*r + 12 - 1881*r. Suppose 40 + 120 = -12*l - 20*l. Determine n(l).
-1
Let k be (792/(-57))/(-1) - 3*22/(-627). Let p(m) = -m**2 + 11*m + 45. Give p(k).
3
Let m(i) = -i + 33. Let t be m(28). Let r(f) = -9*f + 2. Let c(b) = -7*b + 3. Let w(k) = t*r(k) - 6*c(k). Determine w(-7).
13
Suppose -33*k + 50*k - 33*k + 64 = 0. Let g(z) be the first derivative of 0*z - 1/3*z**3 - 23/4*z**k + 0*z**2 - 9. Calculate g(-1).
22
Suppose -7*o = 2*d - 2*o - 8, -3*d - 3*o = -12. Suppose 0*v - v = 5*m - 10, -m + 2 = -v. Let f(u) = -17*u + 0*u**2 + 6*u + 7*u + u**m. Calculate f(d).
0
Let x(q) = q**2 + 70*q - 174 + 56*q - 156*q - 2*q**2 + 6. Determine x(-23).
-7
Let d(r) be the third derivative of r**6/120 - 3*r**5/10 + 5*r**4/6 - 23*r**3/6 + r**2 - 3*r + 56. Calculate d(17).
28
Let k(o) = -52*o**2 - 98*o + 119. Let q(f) = 25*f**2 + 47*f - 60. Let b(m) = -12*k(m) - 25*q(m). What is b(8)?
16
Let f(s) = 648*s**2 - 5*s - 3 + 652*s**2 - 1299*s**2. Suppose -t = 4*w - 25, 4*w = 4*t - 0*t. What is f(w)?
-3
Let a(z) = z**2 - z + 18. Let m be ((-62)/7)/(-2) - 28/(-49). Suppose 123 - 123 = -m*b. Determine a(b).
18
Let c(o) = 5679*o + 8*o**3 - 5678*o + 2*o**2 + 9 - 7*o**3. Determine c(-4).
-27
Let y(h) = 54 - 48 - 2 - 7*h. Calculate y(1).
-3
Let b(w) = 3594*w + 13*w**2 - 6 + 3*w**3 + 2*w**3 - 3595*w - 8*w**3 + 4*w**3. What is b(-13)?
7
Let t(c) be the third derivative of -1/3*c**3 - 3 + 1/24*c**4 + 0*c + c**2. Calculate t(2).
0
Let o be 98/343*105/10. Let m(s) be the second derivative of s**5/30 + s**4/12 - s**3/3 - 3*s**2/2 - 3*s. Let h(r) be the first derivative of m(r). Give h(o).
22
Let b(s) = -37 + 91 - 34 - 8*s - 40 - 9*s. Determine b(-1).
-3
Let x(l) = -l**2 - 3*l + 59. Let j be x(6). Let t(s) = -s**2 + 5*s + 9. Give t(j).
9
Let t(p) = -p**3 + 4*p**2 + p - 2. Suppose -6 = -2*y, -2*c - 3*y + 139 = 3*c. Suppose -l = c - 32. Suppose -l*h = h - 28. What is t(h)?
2
Let u(s) = -2*s**3 + s**2 + 8*s - 27. Let a be u(3). Let f be (2 + 0)*129/6. Let k = a + f. Let j(x) = -x**2 - 7*x - 2. What is j(k)?
8
Suppose -13*v - 3*b = -15*v + 17, -3*v = 4*b. Let c(w) = -w**2 - 8*w + 2. What is c(v)?
-46
Suppose 5*r + 8 = 4*x + 53, 3*x + 2*r = -5. Let j(u) = -u**2 + 19*u + 5. Let v(c) = -c**2 + 18*c + 4. Let p(d) = x*j(d) + 6*v(d). Determine p(12).
11
Let n be (155/62)/(2/(-4)) + 12. Let l(k) = -2*k**2 - 10*k**2 + 3 - k + 4*k**2 + 20 + n*k**2. Determine l(0).
23
Let f(d) = 7*d**2 - 4*d + 3. Let w(j) = j**2 + 5*j + 2. Let c be w(-5). Let b(m) = 15*m**c - 9*m - 3 + 1 + 8. Let z(u) = 6*b(u) - 13*f(u). Give z(-2).
-3
Let v(r) = -r**2 - 13*r - 12. Suppose 3*w = 2*x + 41, -16 = 2*x + 34*w - 32*w. Calculate v(x).
-12
Let i(u) = -2*u**2 + 13*u - 15. Let r be 1 + 9 + (-272 - -268). Give i(r).
-9
Let t be 9/((-45)/(-40)) - (3 + 2). Let p(h) = 10 + 0*h - 2*h - 9*h**2 - 5*h**t + 4*h**3 + 0*h. Calculate p(-9).
28
Let b(n) = -4 - 2 + 25*n + 2 - 24*n. Let l(t) = -7*t**2 + 21*t - 2. Let o(m) = 6*m**2 - 22*m + 1. Let d(h) = -4*l(h) - 5*o(h). Let u be d(13). What is b(u)?
-1
Let b(i) = -13*i**3 + 12*i**2 - 17*i + 11. Let p(c) = -7*c**3 + 6*c**2 - 9*c + 6. Let l(w) = -6*b(w) + 11*p(w). Suppose 953 + 147 = 220*n. What is l(n)?
-10
Let o(x) = -x**3 + 13*x**2 - 12*x - 1. Suppose 18*t = -1655 + 305. Let r = 87 + t. Calculate o(r).
-1
Let a(c) = -1 + c**2 + 0*c**2 + 466*c - 468*c + 0*c**2. What is a(-1)?
2
Let v(u) = -u**2 + 20*u - 18. Let m be v(16). Let d be ((-69)/m)/(6/(-32)). Suppose 0 = -d*j - 8. Let s(i) = -7*i. Give s(j).
7
Let j be (72/1260)/(16/14). Let k(f) be the second derivative of j*f**5 - 4/3*f**3 + 5/12*f**4 + 16*f - 4*f**2 + 0. What is k(-6)?
4
Suppose -7 - 3 = -5*l. Let a(f) = 4*f - l*f + 9 - 5*f - f**2 - f. Suppose -4*z + 4*j = 40, -4*z + 3*z + 2*j - 13 = 0. Determine a(z).
-12
Suppose -4 = -3*n + 20. Let x(a) = -12*a + n*a + 16 - a - 1. Give x(4).
-5
Suppose -n - 17 = 3*x - 5*x, -4*x = -8. Let a(r) = -51*r + 3. Let y(v) = -89*v + 7. Let c(h) = 7*a(h) - 4*y(h). What is c(n)?
6
Let k(w) = -w**2 - 8*w - 6. Let z be k(-6). Let i(b) = 524753 - 262356 - 262388 - 4*b. Calculate i(z).
-15
Let p(d) = 4*d + 3. Suppose -2*l - 5*x + 27 = -0*l, 0 = 4*x - 20. Let j be (120/l + 3)*-1. Let h be (-2)/(-13) - (-1 - j/39). Calculate p(h).
-5
Suppose 22*h - 25*h - 1368 = 0. Let n be ((-6)/4)/((h/32)/(-19)). Let x(s) be the third derivative of s**4/24 + s**3/6 + 4*s**2. Determine x(n).
-1
Let t(f) = -f**3 - 2*f**2 + 7*f - 12. Let x(a) = a**2 - 18*a - 206. Let d be x(-8). Determine t(d).
-14
Suppose 4*i - 2*l + 5*l + 5 = 0, 0 = -5*i - 3*l - 4. Let r(m) = -5494 + 0*m**2 + m**2 + 3*m**3 - 5485 + 10978. What is r(i)?
3
Let a(y) = y**3 + y**2 + 2*y - 1. Let i(p) = 3*p**3 + 7*p**2 - 14*p + 22. Let d be i(-4). Calculate a(d).
-9
Let c be 390/(-4)*68/(-51). Let w = c + -55. Let b be ((-6)/(-15))/(5/w). Let s(y) = 2*y - 5. Calculate s(b).
7
Let u(l) be the third derivative of -l**6/120 - l**5/12 + l**4/4 + l**3 + 15*l**2 - 22*l + 8. Let d = -1 - 3. Let p be d - 4/(-1 - -3). Determine u(p).
6
Suppose 3*f = 5 + 7. Let h(k) = 4*k**2 + k**3 - f*k - 2 + 2*k + 0*k. Suppose 31*a = 194 - 318. Calculate h(a).
6
Suppose -z = -4*g - 31, -5*z - 5 - 29 = g. Let u(w) = 9*w + 6 - 8 + 2 - w**3 - 4 - 8*w**2. Give u(g).
-4
Let m(n) = n**3 - n**2 - n + 1. Let s be m(1). Suppose 4*j = 4*i + 20, -5*j = -i - 5 - s. Let r be -1*(3/6*j - 2). Let y(t) = t + 1. Give y(r).
3
Let g(n) = -3*n**2 - 2*n - 3. Let k(u) = -7*u**2 + 53*u - 5. Let c(j) = 3*g(j) - k(j). Determine c(-29).
25
Let w(s) be the third derivative of s**5/60 + s**4/8 - 19*s**3/6 + 2*s**2 - 1475*s. Give w(0).
-19
Let t be -3 - (9/3)/(-3). Let l(x) = x**2 + 4*x + 4. Let w = -203 + 198. Let q(m) = 3*m**2 + 7*m + 7. Let i(f) = w*l(f) + 3*q(f). Give i(t).
15
Let g(d) be the first derivative of d**7/840 + d**6/360 - d**5/120 + d**4/24 + 65*d**3/3 + 70. Let n(m) be the third derivative of g(m). Give n(-3).
-14
Suppose g + s + 286 = 0, 0 = -10*g + 13*g - 3*s + 876. Let c = -287 - g. Let i(r) = -3*r**3 + r**2 + r. Give i(c).
-18
Let j(y) = -2*y - 3 + y - 6*y + y**2. Let p be (-1)/(-8 - (-411)/51). Let r(d) = -3*d**2 + 21*d + 8. Let i(x) = p*j(x) - 6*r(x). What is i(5)?
-7
Let p(c) be the first derivative of -c**2/2 - 14*c + 389. What is p(-16)?
2
Let u = 23 + -21. Let x(g) = 26*g**u - g + 25*g**2 - 50*g**2. What is x(3)?
6
Suppose 5 + 3 = 4*k - 5*u, -4*u + 2 = k. Let q(t) = -5*t + 6*t + 2624978291 - 2624978300. Calculate q(k).
-7
Let f(w) = -4*w - 6. Let m(x) = 6*x + 8. Let o(g) = -8*f(g) - 5*m(g). Let u = 82 + -90. Give o(u).
-8
Let m(o) = -5*o**2 - 113*o - 462. Let w(h) = -2*h**2 - 56*h - 214. Let v(y) = -5*m(y) + 11*w(y). What is v(18)?
10
Let z(f) = -4*f**2 + 13*f - 8. Let d(c) = -3*c**2 + 12*c - 7. Let m(s) = 5*d(s) - 4*z(s). Let a be (-2)/(-4)*0*-1. Suppose a = 40*i - 33*i + 49. Determine m(i).
-10
Let w(i) be the third derivative of i**6/120 + i**5/60 - i**4/24 + 4*i**3/3 + 9388*i**2. What is w(-5)?
-87
Let q be -4*1*(-1 + 2). Le